5 + (-25 - 7 - -13)) - 21.
-11
Calculate (3 - -5) + (21 + 10 + -15 + 1 - 6).
19
What is (29 - 3) + (2561 - 2579)?
8
(6 - (-7 + 97)) + (1 + -12 - (-116 - -114))
-93
What is 4893 + -4895 - (-1 + -7 - -2)?
4
What is (-4 - -32) + (-46 - -54)?
36
Calculate (8 - -60) + (-13 - -14 - -1).
70
-67 + (1 - (4 + 5)) + (7 - 8 - 2)
-78
Calculate -33 - (3 - 28) - (3 - (0 - 22)).
-33
-34 + (15 - (29 + 9 - 39))
-18
Evaluate 1 + (-2 - -8 - -2) + 33 + 5 + 16.
63
Evaluate 18 + (-87 - (29 + -18)) + 12.
-68
Evaluate 243 - 114 - 107 - (-8 - (0 - -2)).
32
Evaluate 37 + -2 + -1 + 385 + -365.
54
Evaluate (29 - (-15 + 139)) + 71.
-24
What is 192 - 428 - -261 - (-1 + -18)?
44
What is the value of (-17 - (-55 - -4)) + -46 - (1 - 11)?
-2
What is (42 - (69 - 30)) + 40 + 1?
44
Calculate 53 - (1 + 26 + -12 + (27 - 10) + -19).
40
Evaluate (-1 - -21 - (-262 - -251)) + (-1 - 6).
24
Evaluate (21 + 29 - 19 - 25) + -31.
-25
What is the value of -140 - 3 - (29 - (20 + 23)) - -15?
-114
What is -10 + -93 - (-37 - (19 - 24))?
-71
What is ((-1 - -93) + 160 + -164 - 5) + -8 + 5?
80
What is the value of -18 - 14 - -80 - 57?
-9
-248 - -353 - ((-24 - -11) + 45)
73
Evaluate -37 - (-101 + 53 + 13) - (-19 + 0).
17
-9 - 1 - ((6 - -1) + (-13 - -19 - 20))
-3
Calculate (3 + -1 - ((-9 - 23) + 30)) + 11 - 115.
-100
-14 - (9 + (-11 - -19) + (-57 - 1))
27
Evaluate -33 - (54 - 27 - 80).
20
(-5 - -23) + -5 - (-11 - -2 - (-44 - 28))
-50
Calculate 10 - (-19 + -62 + 90 + (-18 - -1)).
18
(25 - 1 - (-407 + 415)) + (68 - 0)
84
What is 10 + (11 - (16 + -2 - (48 + -45)))?
10
-18 - (78 - (-70 + 195))
29
Evaluate 505 + -476 - (1 - -21) - (2 - 29).
34
Evaluate (3518 - 3467) + -1 + -71.
-21
Evaluate -12 + 45 + (24 - 77).
-20
Evaluate -7 + -34 - (4 - (29 + -34)).
-50
6 + 44 + -65 - -9
-6
20 + ((19 - -1) + 23 - 17)
46
What is the value of (-1 - -2) + 0 + 34 + (-2785 - -2791)?
41
Calculate (0 + 4 - 54) + -5 + 8 + -57 + 66.
-38
Evaluate -8 + (-32 + 67 + 7 + -32 - (0 + -53)).
55
Evaluate (0 - -76) + (1636 - 1780).
-68
What is the value of 24 + -10 + 19 + -4 + 12?
41
Evaluate 181 + (-216 + 120 - 10).
75
What is the value of 39 - 98 - 129 - -121?
-67
Calculate -2 + 37 + -8 - ((-10 - -11) + -3).
29
What is the value of 260 + -370 - (4 + (-9 - 1) - (11 - 6))?
-99
Evaluate 78 - 33 - (23 - (17 - (11 + -2))).
30
What is 10 + -22 - (78 + -32 + 37)?
-95
-48 - (-37 + 30 - 76)
35
Evaluate 0 + 15 + -556 + 566 + 23.
48
What is -2 + -5 + (2 - (6 + -10 + -58 + -7))?
64
What is -14 + 126 + -199 + -4?
-91
Evaluate 34 + (-8 - 27) - (-6 + -2 + -31).
38
What is the value of (24 - 15 - -21) + -16?
14
Calculate (-15 - -2) + (-162 - -331) + -91.
65
Evaluate 138 + (-73 + 11 + 29 - -5).
110
-29 - (11 - (26 - -31)) - (-2 - -21)
-2
6 + -15 + 34 + -16 + 6
15
Calculate (17 + -30 - (-9 + (-1 - -6))) + -4.
-13
Evaluate 29 + ((0 - 7) + (-186 - -172) - -8).
16
Evaluate -7 + -75 + 93 - (4 - (4 + -5)).
6
16 + (-58 - -75 - (-9 + 15))
27
What is the value of (4 - 22 - -26) + -34 + (2 - (2 + -3))?
-23
(-9 - (-7 - (-28 + (3 - (10 - -1))))) + 0
-38
What is the value of (100 - 34) + (15 - (-10 + 12))?
79
What is -1 + 0 + -4 - (11 + 81 + -82)?
-15
Calculate -34 - (79 - 2 - 2) - (-4 - (5 + -5)).
-105
What is -82 - (2 + -8 - ((-14 - -27) + -13 - 4))?
-80
Calculate 58 - (77 + -55 - (14 - 1) - 12).
61
Calculate 65 + -221 + 117 + -30 + 3.
-66
What is -106 + 155 + -64 - (-13 - 0)?
-2
Evaluate (43 - -12) + (-51 - -60).
64
8 + 4 + -2 + -6 - (0 + 12 + -19)
11
What is the value of 7 + (-5 + -18 + -21 - 9)?
-46
What is 6 + (3 - 3) + -56 + 98 + 40?
88
Calculate -32 + 15 + (-34 - -16 - (-19 + -12)).
-4
What is 0 + (0 - -2) + -136 + 115 + -32?
-51
What is (-3 - -1) + -77 - (62 - 44 - (-8 + 32))?
-73
Calculate -44 + (17 + -9 + -21 - -126).
69
Evaluate 35 + (-17 + 26 - 23 - (1 + -5)).
25
Evaluate 7 - (-13 + 21) - (3 - -7) - 18.
-29
What is -6 + (4 - 0 - (-125 + 86)) + 7?
44
What is 2 + -4 - -11 - 3 - (-8 + 14) - 39?
-39
Evaluate (-1 - -143) + (-34 - (284 + -290)).
114
Evaluate 8 + (-7 + 0 - (510 + -460 - (-1 - 20))).
-70
Calculate -15 + (-11 - (-60 - -11)) - 49.
-26
What is the value of 1 - -6 - (-199 - -299 - 112)?
19
What is -8 + 6 + 2 + 9 - (-96 + 34)?
71
Evaluate 453 + -341 + -112 + (-88 - (-2 - -2)).
-88
What is 3 + (0 - (3 + -7) - (177 - 210)) + -2?
38
Calculate 22 + 6 + -18 - (-13 - (2 + -13 + 7)).
19
What is 815 - 876 - (0 + -44)?
-17
What is -47 - (-15 + (-14 - -46) + -85)?
21
Evaluate (1 - 35) + (10 - (-329 + 326 + 1 + 4)).
-26
-48 + 25 + -5 + 1 + -26
-53
Evaluate 2 + -2 + (4 - 3) + -3 + 63 + -62.
-1
60 - (26 - 40 - -83)
-9
What is the value of -6 + -1 + 3 + -1825 + 1854?
25
-72 - (91 - (-101 - -214))
-50
Calculate (25 - 4) + (611 - 585).
47
What is the value of 176 - (37 - -10) - 109?
20
-20 - (-22 - ((39 - 11) + -33))
-3
-53 - ((3 - 36) + -7)
-13
51 - (43 + (48 - 11))
-29
What is the value of (-2 - -8) + -3 + 6 + -22 + (4 - -44)?
35
Evaluate (3040 - 3021) + (-21 + 2 - -2) + 63.
65
3 + 21 + (6 - 20) + (-2 - 12) + 52
48
Evaluate (-21 - 21) + 24 + -2 + -8.
-28
-48 + (106 - 41) + (3 - (3 + -12))
29
What is 48 + (-17 + -6 - -9 - -14) + 5?
53
What is the value of 5 - (21 + -34 - -26) - (0 + 42)?
-50
Evaluate (-179 - -208) + 3 + -54.
-22
2 + 2 + 4 + 355 + -368 - (6 + -4)
-7
Calculate -26 + 16 + 17 + 3 + -6 + 26.
30
What is the value of (5 + (-28 - -18) - 51) + -3 + (0 - -13)?
-46
Calculate -79 + (8 - 3 - (-25 + (14 - 24) + 41)).
-80
Evaluate -117 + 171 + (2 - 1) + -1 + 2 + -8.
48
Calculate 3 + 14 + 0 + (2 - -8 - (-88 - 21)).
136
Evaluate -53 - ((59 - 5) + -36 - -22).
-93
What is the value of (1 - 43) + (-39 - -118) + -86?
-49
What is the value of 8 + -3 + (132 - (-112 + 343))?
-94
What is -1 + -14 - (-21 - -45 - -16)?
-55
What is -27 - (59 + -245 - -151)?
8
What is -46 + (218 + -82 - 60)?
30
102 + -179 + 50 - -14
-13
What is -2 - (97 + -5) - (10 + -10 + 20 + -19)?
-95
What is (-1 - -9) + (43 - 42) + 1 + 13?
23
What is the value of -6 - ((173 + -167 - (1 + -6)) + -13)?
-4
What is (3 - (-5 - -5)) + (76 - 80)?
-1
What is -33 + (16 - 28) + 33?
-12
What is 8 - (23 - 56) - 45 - (-20 - 1)?
17
Evaluate 52 - (1 - -46 - -44).
-39
What is 1 - (2 - (7 + 5)) - (18 - 1)?
-6
-11 - -97 - (-16 - (12 + -65))
49
Calculate -72 + (3 + (-10 - (-3 - 0)) - (-22 + 14)).
-68
-74 - -66 - (0 - (-5 + 84 + 5 + 0))
76
What is -26 + (68 - (124 - 18))?
-64
16 + -25 - (-26 + -13)
30
Evaluate -59 - ((-28 - 29) + 38).
-40
Calculate 6 + 54 + (-20 + 17 - -5) + 12.
74
What is the value of 26 - (61 - 29) - (32 + -23)?
-15
Evaluate 76 + -67 + 70 - (1 + -30).
108
Evaluate 16 + 14 + -24 - 17 - (3 - (-50 - -1)).
-63
2 + 19 + -1 + -50 + 12 - -93
75
Evaluate -77 - (-26 + (58 - 98)).
-11
What is 22 - -2 - ((-31 + 28 - (13 + 0)) + 14)?
26
-19 + 33 + 17 - (-142 + 140)
33
(47 - 82) + (-4 - (2 + (1 - 6)) - 9)
-45
Calculate (36 - 53) + 12 + (-1 - -2) + -16.
-20
-29 + (-2 + -39 - (-86 - -33))
-17
What is the value of -25 + (-40 - 40) - -48?
-57
Evaluate 29 - (117 + -251 - -91).
72
What is -12 + -26 + 40 + (2 - 15)?
-11
What is (17 - 43) + 77 - -2?
53
(0 - (11 - 7 - -27)) + 12 + -18
-37
What is 57 - (149 - 43) - -53?
4
Calculate -51 + 66 + 17 + -28.
4
(213 - 215) + (-49 - 2) + 7
-46
What is (-44 - -18) + 60 + -3?
31
What is the value of (2 - 19) + (147 - 110)?
20
What is 0 + 14 + (-1 - 4) - 1?
8
(-11 - -3) + -2 + 36 - 27
-1
Calculate -94 + (11 + -7 + 10 - -7).
-73
Calculate 53 - (92 + -65 + 13).
13
Calculate -2 - -148 - ((4 + -22 - -38) + -19 + 11).
134
What is ((-5 - 7) + -52 - -21) + 19 - (2 - 13)?
-13
-4 - 14 - (8 - -24 - 20)
-30
(-34 - -1) + (-14 + -11 - -11 - -5)
-42
(-31 + 14 - -9 - 16) + 55
31
What is the value of -46 + 92 + -28 + 8?
26
Evaluate 30 - (1 - -7) - (-27 - (-30 + 9) - 7).
35
Calculate 181 + (7 - 109) - 115.
-36
What is the value of -30 - (-19 - 49 - -111)?
-73
What is -55 - (-37 + 18 + 18 - 14) - -10?
-30
What is (-3 - -19) + 48 + -80?
-16
17 - ((-45 - 16) + 66)
12
-21 + (1 - -11 - (1276 - 1345))
60
What is the value of 1 + (-1 - 9) + 4 + (26 - -15)?
36
What is the value of 31 + 53 + -211 + (1 - -7)?
-119
What is -25 - -17 - (2 - (26 + 5 + -7)) - -5?
19
What is 238 - (64 + 124) - (1 - 5) - (-1 - 9)?
64
What is the value of 10 - (-43 + 30 + 77)?
-54
What is the value of (0 - (2 - 0)) + (52 + -50 - (6 + -11))?
5
Evaluate -12 + -50 + 22 + 59 + (2 - 7) - 140.
-126
Evaluate (-30 - 31 - 24 - 33) + 43.
-75
-9